irst derivative of l(s). What is the units digit of j(4)?
2
Suppose -5*z = -3*z - 4. Suppose -z*n - 105 = -5*n. Let m = n + 3. What is the tens digit of m?
3
What is the units digit of (-3)/(-4) - (4 - (-23592)/(-32))?
4
Suppose 0 = -4*s + 2 + 62. Let u(j) = -j**2 - 32*j + 107. Let r be u(3). Suppose r*q - 4 = s. What is the units digit of q?
0
Suppose -7*b + 6*b = -391. What is the hundreds digit of b?
3
Suppose -10 = -o - 4*o - 3*b, 5*b = o - 30. Suppose -o*m + 2*k = 717 + 397, 0 = m + k + 227. What is the units digit of (3/(-2))/(12/m)?
8
What is the tens digit of 2 + (986 - (7 - 5))?
8
Suppose 0 = -2*v - 4*n + 32, 4*v - 31 = n - 3. Suppose -14*i - v*i + 2948 = 0. What is the units digit of i?
4
Let u be (17/2)/(14/(-28)). Let m(v) = -v**2 - 20*v - 19. What is the tens digit of m(u)?
3
Suppose 2*h + 4*p = -10 - 10, 25 = -5*p. Suppose 2*s = -2*d + 42, h*s + s - 109 = -5*d. Let u = d + 21. What is the tens digit of u?
4
Suppose 15 = -4*l - l. Let c = l + 9. What is the units digit of (20 - c)/(4 + -2)?
7
Let q = 387 - 231. What is the tens digit of q?
5
Let t be (-4)/(-8) + (-63)/2. Let f = -8 - t. What is the tens digit of f?
2
Let s(c) = -11*c + 3. Let i be s(1). What is the tens digit of ((-222)/(-4))/((-4)/i)?
1
Let a(t) be the third derivative of t**6/120 + t**4/24 + 7*t**3/3 - 2*t**2. Let w(y) = -y**2 + y + 6. Let k be w(-2). What is the units digit of a(k)?
4
What is the tens digit of 283 + -2 + (-4 + 2)*-2?
8
Let v be (-90)/(-21) + 2/(-7). Suppose -v*n + 75 = -109. Suppose n = 2*g - 8. What is the units digit of g?
7
Suppose -78 = -5*n + 102. Suppose 0 = 5*l - 2*o - 10, 5*l - 2*o = -3*o + 25. What is the units digit of 55/l + 9/n?
4
What is the units digit of 615 + (8/(-72) - (-20)/18)?
6
Let c = 0 - -68. Let u = 131 - c. Let k = -44 + u. What is the units digit of k?
9
Suppose 5*x + 2*r = 810, -180 = -x + 5*r + 9. Let u = x - 25. What is the units digit of u?
9
Let j(x) = 5*x**3 - 6*x**2 + 27*x + 16. What is the hundreds digit of j(6)?
0
What is the hundreds digit of (2299/(-114))/(1/(-114))?
2
Let v = -286 - -478. Suppose 0 = 2*p + 2*p + v. What is the tens digit of (30/4)/((-36)/p)?
1
Let j be (-83)/4 + (-5)/20. Let a = 42 + j. Let p = a + 35. What is the tens digit of p?
5
Let r = -2516 + 4012. What is the units digit of r?
6
Let h = -1475 - -3179. What is the hundreds digit of h?
7
Let v be (4/6)/(4/(-6)). Let x(l) = l**3 + 2*l**2 - 1. Let g be x(v). What is the units digit of 24 - (g + -3 + 3)?
4
Suppose 1339 = 3*v - 425. What is the units digit of v?
8
Suppose -5*a + 371 = 106. Suppose 44 = 4*h + 3*u, -5*h - 5*u = -7 - a. Suppose -h*t + t = -182. What is the units digit of t?
6
Let z(y) = -2*y**3 + 11*y**2 + 13*y + 3. Let r(n) = -n**3 - n - 1. Let h(v) = -3*r(v) + z(v). What is the units digit of h(-6)?
0
Suppose 6*p = -7889 + 29759. What is the units digit of p?
5
Suppose -2*n + 1499 - 141 = 0. Suppose -b - 293 - n = -5*c, 5*c = -2*b + 981. What is the hundreds digit of c?
1
Let w = 1462 + -978. What is the hundreds digit of w?
4
Suppose 4*t = 3*q + 2*q - 63, -3*q = 5*t - 60. Let d be ((-197)/(-5))/(3/q). Suppose -5*m + m - 3*v = -d, 4*m - 203 = -5*v. What is the units digit of m?
7
Let j(i) = 7*i - 1. Let o(g) = -2*g**3 + 2*g + 1. Let m be o(-1). What is the units digit of j(m)?
6
Suppose -12 = -0*i - 2*i. Suppose 3 = -i*l + 7*l. What is the tens digit of -3 - -51*(4 - l)?
4
Let k be (54/(-12))/((-1)/(-2)). Let b = -15 - k. Let y = 12 - b. What is the units digit of y?
8
What is the tens digit of (16*184/48)/((-2)/(-33))?
1
Let z(d) = -d**3 - 2*d - 16. Let k be z(0). What is the hundreds digit of (-45)/(-120) - 3722/k?
2
Let b be ((-3)/2)/(18/(-4332)). Suppose -b = -4*p - 5*x, 44 = -4*p - x + 417. What is the tens digit of p?
9
Suppose -5*t - 48 + 243 = -b, 39 = t - 5*b. Let n = t - 16. What is the units digit of n?
3
Let r = 4116 - 2583. What is the thousands digit of r?
1
Let i = 193 - -265. What is the tens digit of i?
5
Let s = -311 + 635. What is the tens digit of s?
2
Suppose -124 = -2*m - 30. Let n = m - 96. Let j = n - -71. What is the units digit of j?
2
Let v(a) = -85*a - 332. What is the tens digit of v(-9)?
3
Let l = 90 + -75. Suppose -d + l = y - 3*d, 54 = 2*y + 4*d. What is the units digit of y?
1
Suppose -3*b = -5570 + 485. What is the thousands digit of b?
1
Let a = -3 + 5. Suppose -3 = 3*s + 3*k, -a*k = 5 - 3. Suppose 0 = 4*d, r + d - 6*d - 9 = s. What is the units digit of r?
9
Suppose 14*a - 16*a = 10. What is the units digit of 4 - (3 - -2) - a?
4
Suppose -81*w + 55888 = -67*w. What is the units digit of w?
2
Let l(x) = x**2 + 6*x**2 - 2*x - 2*x**2 - 4*x**2 - 4. Let f(v) = -v**2 - 9*v + 7. Let r be f(-10). What is the units digit of l(r)?
1
Let v be 363*(0 - -1)*(-6)/9. What is the hundreds digit of (4 - 6)*v/4?
1
Let b = 30 + -25. What is the tens digit of (-38 - -3)/b*-4?
2
Let a be (-879)/(-4) - -4*1/16. Suppose 324 + a = 8*z. What is the units digit of z?
8
Let r(f) be the first derivative of f**4/4 - 7*f**3/3 + 9*f**2/2 - 2*f + 60. Let c(y) = 3*y - 6. Let i be c(4). What is the tens digit of r(i)?
1
Let t be (-2)/6*1 + 145/(-15). Let a be 0 + (-12 - 2 - -1). Let m = t - a. What is the units digit of m?
3
Let z(j) = 13*j**2 + j - 1. Let c be z(-3). Suppose -4*g - c + 13 = 0. Let q = 15 - g. What is the tens digit of q?
4
Let f(u) = 19*u**2 - 35*u + 17. What is the units digit of f(6)?
1
Let g(x) = 50*x - 44. What is the units digit of g(8)?
6
Let n(w) = 7*w**2 - 4*w + 5. Suppose 3*r - 4*r = 5. Let t(s) = 11*s**2 - 6*s + 8. Let d(q) = r*t(q) + 8*n(q). What is the units digit of d(6)?
4
Let d be (-8)/(-1 - -3) + -17. What is the tens digit of d/9*(-3 + 2)*48?
1
Let r(n) = -n**2 - 6*n + 5. Let y be r(0). Suppose y = g, 0 = -q + 5*q - 4*g - 368. What is the units digit of q?
7
Suppose 233 = 2*m + 45. Suppose 62*u - 220 = 58*u. Let b = m - u. What is the units digit of b?
9
Suppose -233*b + 238*b = -2*i + 4995, -2*i - b = -4999. What is the thousands digit of i?
2
Let z(k) = -k**2 + 12*k - 15. Let w(q) = 11*q**3 + q**2 - q - 1. Let t be w(1). What is the units digit of z(t)?
5
Suppose -14*u - 4935 = -2*p - 9*u, -p + 5*u + 2470 = 0. What is the tens digit of p?
6
Suppose 86541 = 23*t + 15724. What is the thousands digit of t?
3
Let r(x) = -3*x**2 - 6*x - 7. Let v(d) = -4*d**2 - 6*d - 7. Let y(s) = 5*r(s) - 4*v(s). Let a = -18 - -27. What is the units digit of y(a)?
0
Suppose -2*j - 53 = -4*j + 5*r, -2*j + r + 49 = 0. What is the hundreds digit of 18/j - ((-685)/4)/1?
1
Suppose 0 = 4*d - 5*d. Suppose 11*n = 72 - 50. Suppose h + h - n = d. What is the units digit of h?
1
Let v(g) = 30*g - 846. What is the thousands digit of v(65)?
1
Let u(j) = -j**2 + 23*j - 52. Let a be u(22). Let w = 200 - a. What is the tens digit of w?
3
Suppose 2*v + 60 = -3*t, 4*v - 11 = -2*t - 115. What is the hundreds digit of (v/(-5))/((-3)/(-90))?
1
Suppose 3*q + 5*n = 161, q + 4*n - 1 = 55. Let h(w) = 3*w**2 - 2*w + 3. Let i be h(3). Suppose -2*c + q = -i. What is the units digit of c?
8
Let i be 1/(-2*(-1)/(-2)). Let y be ((-18)/63)/(i/7). Suppose y*l = 8, 4*o = -0*o + 4*l + 104. What is the tens digit of o?
3
Let d be (105/(-20))/(1/(-24)). What is the units digit of -2 + d - (-4)/(-4 - -2)?
2
Let d(h) = -24*h**2 - 3*h + 1. Let f be d(5). What is the units digit of (-2)/12 - f/12?
1
Let z(c) = -6*c**2 - 7*c - 1 + 10 + 7*c**2 - 2*c**2. Let o be z(-8). What is the units digit of (-53)/(((-3)/3)/o)?
3
Let l(y) = y**2 + 13*y + 169. What is the tens digit of l(-34)?
8
Let i = 2048 + -1761. What is the tens digit of i?
8
Let t(n) = n - n**3 - 16*n + 11 + 13*n**2 + 15*n + 16*n. What is the tens digit of t(14)?
3
Let x be 2*38/12 + (-4)/(-6). Suppose 625 = 5*s + 3*c, 463 = x*s - 3*s - 5*c. What is the units digit of s?
2
Let f be -137 - (2 + -8 + 4). Let s = -66 - f. What is the units digit of s?
9
Let g(x) be the third derivative of 0*x + 0 - 4/3*x**3 - 4*x**2 + 1/8*x**4. What is the units digit of g(8)?
6
What is the units digit of ((-28539)/108)/(2/(-8))?
7
Let u(r) = -r**2 + 5*r - 5. Let q be u(4). Let j(c) = 11*c + 2. Let n be j(q). What is the units digit of (-33)/n*(9 - 0)?
3
Let b = 1081 - 571. What is the hundreds digit of b?
5
Let z = -12 - -14. Let n(p) = -9*p**2 + 6*p - 3. Let q(m) = 28*m**2 - 18*m + 9. Let v(d) = -7*n(d)